
Calculate the greatest common divisor of 13728204 and 3591.
189
What is the highest common factor of 406427 and 189?
7
What is the greatest common factor of 6092061 and 3324?
831
Calculate the highest common factor of 1064040 and 648.
24
Calculate the highest common factor of 22848 and 74432.
64
What is the highest common factor of 845 and 353041?
169
Calculate the highest common factor of 1035 and 102022595.
115
Calculate the greatest common factor of 975997 and 523149.
913
Calculate the highest common factor of 3956 and 12413068.
172
Calculate the highest common divisor of 1234 and 126981685.
617
What is the greatest common divisor of 147681 and 111996?
549
What is the greatest common factor of 2329 and 830083?
137
What is the greatest common factor of 721807 and 636?
53
What is the greatest common divisor of 1890529108 and 389?
389
Calculate the greatest common divisor of 1287511121 and 13.
13
Calculate the highest common divisor of 113832217 and 124.
31
Calculate the highest common factor of 280106 and 226.
2
Calculate the highest common factor of 23450 and 2552968.
134
Calculate the greatest common divisor of 1532883 and 990.
33
Calculate the highest common divisor of 64 and 188444.
4
What is the highest common factor of 191368 and 46995952?
10072
What is the highest common divisor of 10244624 and 416?
208
Calculate the highest common divisor of 44846100 and 1040.
260
What is the greatest common factor of 846432 and 1600?
32
What is the greatest common factor of 7814980 and 16676?
1516
What is the greatest common divisor of 3406 and 4498?
26
Calculate the highest common divisor of 75815 and 13352435.
1285
What is the greatest common divisor of 209 and 133402819?
209
What is the greatest common factor of 325 and 2991079?
13
Calculate the highest common divisor of 761175 and 31875.
1275
What is the greatest common factor of 14762851 and 217?
31
Calculate the greatest common factor of 1196613 and 9.
9
Calculate the greatest common divisor of 261 and 36475533.
261
What is the greatest common divisor of 2046581 and 37?
37
What is the highest common factor of 5 and 46367735?
5
Calculate the greatest common divisor of 243515 and 129950.
565
Calculate the greatest common divisor of 21 and 89589521.
7
What is the greatest common factor of 239315936 and 160?
32
What is the highest common divisor of 231600 and 48660?
60
Calculate the greatest common factor of 234 and 9106974.
18
What is the highest common factor of 26 and 169860769?
13
Calculate the highest common factor of 1122468 and 3396.
12
What is the greatest common divisor of 54661005 and 15960?
1995
What is the highest common factor of 65163 and 9541?
203
Calculate the greatest common divisor of 7226976 and 146934.
5442
Calculate the highest common factor of 3004750 and 44030.
1190
What is the greatest common divisor of 119784351 and 327?
327
What is the highest common factor of 1756204 and 1876?
268
Calculate the highest common factor of 4424 and 104442424.
632
What is the highest common factor of 14740 and 41010030?
670
Calculate the highest common factor of 1314 and 4652334.
18
Calculate the greatest common factor of 168559206 and 23952.
2994
Calculate the highest common divisor of 440 and 791880.
40
Calculate the greatest common factor of 9035 and 979277.
13
Calculate the greatest common factor of 131 and 81265981.
131
What is the highest common divisor of 195908 and 5644?
68
Calculate the greatest common divisor of 2144302 and 2760130.
2774
What is the greatest common divisor of 24220 and 49596505?
6055
Calculate the greatest common divisor of 904662 and 8910.
594
Calculate the highest common factor of 264 and 443832.
24
What is the highest common divisor of 6348956 and 6205?
1241
What is the highest common divisor of 12124860 and 135?
15
What is the greatest common factor of 3261 and 1115493531?
3261
What is the highest common factor of 8910 and 680262?
66
Calculate the greatest common divisor of 2119 and 691283.
163
Calculate the greatest common factor of 1290570 and 1650.
30
Calculate the highest common factor of 14720 and 19730.
10
What is the greatest common divisor of 41664 and 829248?
1344
What is the highest common divisor of 426 and 1146816?
6
Calculate the highest common divisor of 722880 and 760.
40
Calculate the greatest common divisor of 46322993 and 474.
79
Calculate the greatest common factor of 7748 and 5053633.
1937
What is the greatest common factor of 5478494 and 154?
14
What is the highest common factor of 52190 and 209270?
170
Calculate the highest common factor of 10180 and 7356068.
2036
Calculate the greatest common factor of 2857 and 456.
1
Calculate the greatest common factor of 4269 and 291448899.
4269
Calculate the highest common factor of 33100 and 4111682.
662
Calculate the greatest common factor of 456 and 1254024.
24
What is the highest common divisor of 480 and 36732?
12
Calculate the greatest common divisor of 4517966693 and 487.
487
Calculate the highest common divisor of 1525197 and 11136.
87
What is the greatest common divisor of 1460 and 2563460?
20
What is the highest common factor of 2259999 and 294?
21
Calculate the highest common factor of 24854 and 198934.
34
What is the highest common divisor of 104 and 115893362?
26
Calculate the greatest common factor of 80402 and 7322.
14
What is the highest common divisor of 960 and 46737312?
96
What is the highest common factor of 2526985 and 755?
755
Calculate the greatest common factor of 773258850 and 2520.
630
What is the highest common divisor of 798 and 6175494?
114
Calculate the highest common factor of 172827 and 44698183.
6401
Calculate the highest common factor of 772637010 and 1746.
582
What is the highest common factor of 523234140 and 30?
30
Calculate the greatest common divisor of 400 and 8565440.
80
Calculate the greatest common divisor of 856 and 18984261.
107
What is the highest common divisor of 802263 and 87429?
453
Calculate the highest common divisor of 1840 and 65959860.
460
What is the highest common factor of 169130 and 131170?
130
What is the greatest common divisor of 568 and 828136?
8
Calculate the greatest common divisor of 6661332 and 2376.
108
Calculate the greatest common divisor of 106602696 and 216.
216
What is the highest common divisor of 20 and 66757716?
4
Calculate the highest common factor of 939478 and 1802.
106
Calculate the highest common factor of 244 and 84772.
4
Calculate the greatest common divisor of 1851997 and 16179121.
9401
What is the highest common factor of 555072 and 2436?
84
What is the highest common divisor of 339 and 650478?
3
Calculate the highest common divisor of 29164410 and 36045.
4005
What is the highest common factor of 452810 and 250?
10
Calculate the highest common factor of 168 and 3618176.
8
What is the greatest common divisor of 104420 and 15060?
20
Calculate the greatest common divisor of 6769286 and 11637.
431
What is the greatest common divisor of 185440 and 95038?
2318
What is the greatest common factor of 25584 and 12841569?
1599
Calculate the highest common divisor of 22337 and 6055.
7
What is the greatest common factor of 7455225 and 152475?
8025
What is the highest common factor of 5981736 and 63304?
328
What is the highest common divisor of 347590 and 65?
5
What is the highest common factor of 1042 and 1334596726?
1042
Calculate the highest common divisor of 3020 and 1317620.
20
What is the greatest common factor of 485762 and 9808026?
5458
Calculate the greatest common factor of 11645 and 364652215.
685
Calculate the greatest common factor of 6238580 and 11680.
1460
Calculate the greatest common divisor of 23736 and 673638.
258
What is the highest common factor of 1111 and 320694?
11
Calculate the greatest common factor of 1320 and 11575740.
660
What is the greatest common divisor of 1419 and 179686551?
1419
Calculate the highest common factor of 187647083 and 3445.
689
Calculate the highest common divisor of 321681 and 21.
3
Calculate the greatest common divisor of 5503127 and 5887.
203
Calculate the greatest common divisor of 145670 and 26624314.
4162
What is the highest common divisor of 5621090 and 35?
5
What is the highest common factor of 12953380 and 275?
55
Calculate the highest common divisor of 123145496 and 1604